the greatest common divisor of u and l?
4
Suppose 134 = -2*o + 442. Let x = -273 - -287. Calculate the highest common factor of o and x.
14
Suppose 1059*a = 1032*a + 4725. Suppose -k + 16 + 19 = 0. Calculate the highest common divisor of k and a.
35
Let i = -7 - -12. Suppose -50 - 20 = -i*u. Calculate the greatest common divisor of 112 and u.
14
Suppose -10*d + 7*d + 33 = 0. Suppose -21 = -c - d. What is the highest common divisor of c and 4?
2
Let j be (-1)/3 + (-4)/(-3). Let a(q) = -2*q + 47. Let n be a(20). What is the highest common factor of n and j?
1
Let n = 47 - 42. Let u be n/((-1)/(-2) + (-11)/44). Let g(y) = -2*y. Let w be g(-4). Calculate the highest common divisor of u and w.
4
Let c be ((-290)/(-203))/(1/7). Calculate the highest common divisor of c and 100.
10
Suppose 0 = -3*n + 9*n - 24. Suppose 0 = n*j - 480 - 192. Suppose 3*s + 4*u - 73 = 39, -j = -5*s - 2*u. What is the greatest common factor of 80 and s?
16
Suppose -f - 2*f + 5*w - 1046 = 0, 2*f + 2*w + 708 = 0. Let h = -165 - f. Calculate the highest common divisor of 17 and h.
17
Suppose 5 = -u + 56. Let x = -23 + 40. Calculate the greatest common divisor of x and u.
17
Suppose 2*n = -0*n + 210. Suppose j - n = -2*j. Let d = 28 - -217. Calculate the greatest common factor of d and j.
35
Let r(l) = 12*l**2 - 12*l + 12. Let d be r(1). What is the greatest common divisor of 240 and d?
12
Suppose 43*d = 67*d - 3576. What is the highest common factor of 2831 and d?
149
Suppose -76 = -3*h - h. Let g be (-2)/(-3)*9 + -2. Suppose p - 15 = -w, 19 = 2*p + g*w - h. What is the highest common factor of 33 and p?
11
Suppose 3*z = 76 + 23. Let q be (1 - 0)/(5/130). Suppose o = b + 6*o - z, -b + 2*o = -q. What is the highest common divisor of 14 and b?
14
Let r(d) = -d**2 - 10*d - 34. Let w be r(12). Let k = w - -604. Calculate the highest common factor of 34 and k.
34
Suppose -4*x - 116 = -4*w + 12, -x - 1 = 0. Suppose -3*u = -0*u - 111. Let m = 242 + u. Calculate the highest common factor of m and w.
31
Suppose 94 = y - 5*q, y - 37 - 62 = 4*q. Calculate the greatest common divisor of y and 306.
17
Let g be -5 - 4/((-16)/28). Suppose 0 = 2*r + 5*a - 25 - 60, -2*r = g*a - 76. What is the greatest common divisor of r and 28?
7
Let t(w) = -11*w - 110. Let h be t(-13). Calculate the highest common divisor of h and 44.
11
Let f = -10 + 14. Suppose 0*d = -f*d + 20. Calculate the greatest common divisor of 15 and d.
5
Suppose -5*x + 3*l + 428 = 0, 4*x + l - 336 = 5*l. What is the highest common divisor of 22 and x?
22
Suppose -4*o = -o + 3. Let l be (-2)/o*18/9. Suppose d + l*d - 80 = 0. Calculate the greatest common divisor of 80 and d.
16
Let o = 27 - 21. Let f be 3/((-27)/(-51)) - 4/o. Let d be ((-2)/4)/((-2)/40). Calculate the highest common factor of d and f.
5
Suppose 1 - 13 = -2*k. Let j be 2/((-4)/13)*k. Let y be (j + 3)*9/(-12). What is the greatest common factor of y and 9?
9
Let p be 28/35*(-11 + 1). Let f(d) = -d - 5. Let g be f(p). Suppose -g*l = -168 - 12. Calculate the highest common factor of l and 30.
30
Let l(f) = 5*f**2 + 6*f - 18. Let a be l(2). What is the greatest common divisor of a and 42?
14
Suppose 10*j - 11*j + 20 = 0. Suppose -3*n = -h + 34, -j = -h - 3*n - n. What is the greatest common factor of 7 and h?
7
Suppose -9*z = -3*z + 108. Let b(v) = v**3 + 19*v**2 + 19*v + 38. Let n be b(z). Calculate the greatest common factor of 260 and n.
20
Let c = 108 - 48. Calculate the highest common factor of c and 36.
12
Let n be 2/((-4)/2)*-11. Let m = -353 - -452. Calculate the greatest common factor of n and m.
11
Suppose 7*l - l = 42. Let f(x) = 3*x**2 - 17*x + 8. Let q be f(l). Calculate the highest common divisor of q and 144.
36
Let m = 1 + 2. Suppose -m*x - x + 384 = 0. What is the greatest common divisor of 12 and x?
12
Let r(z) = -4*z**2 + 6*z**2 - 30 - 10*z + 14. Let b be r(8). Calculate the highest common divisor of 160 and b.
32
Let n(u) be the second derivative of -u**5/20 + 7*u**4/6 - 5*u**3/3 + 8*u**2 + 8*u. Let b be n(13). Calculate the greatest common divisor of 11 and b.
11
Suppose 3*f - 6*m + 11*m - 89 = 0, 0 = -3*f + 4*m + 80. Calculate the greatest common divisor of 52 and f.
4
Let z be 142/8 - (-2)/8. Let s be 98 + (-1 - -1) + z/(-9). Calculate the greatest common factor of s and 12.
12
Suppose 5*c = -5*l + 1465, 23*c + 4*l - 290 = 22*c. What is the greatest common divisor of 168 and c?
42
Let n(d) = 6*d + 73. Let w be n(-10). Calculate the highest common divisor of w and 377.
13
Suppose -2*y + 177 = 3*g, 0*y - 78 = -y + 2*g. Suppose 6*f + 8*f - 784 = 0. Calculate the highest common divisor of f and y.
28
Suppose -5*y = -2*x - 67, 29 = 4*y - 2*y - 3*x. Let c be (y/(78/160))/((-1)/(-3)). Calculate the greatest common divisor of 10 and c.
10
Let d be (1*(-36)/(-15))/(9/(-30)). Let y be 6*((-32)/(-18))/(d/(-60)). Calculate the highest common factor of y and 4.
4
Let u be (-5)/2*(-1 - -3). Let c be 7/7 - u*2. What is the greatest common divisor of 33 and c?
11
Suppose 5*y = o - 99 + 244, -5*y + 4*o + 160 = 0. Let x = 534 + -310. What is the highest common factor of y and x?
28
Suppose -177 = -5*i + 3*u, 5*i - u = 6*i - 29. What is the highest common factor of 528 and i?
33
Suppose -27 = v + 5*d, 3*d + 40 = -0*v - 4*v. Let f = v - -17. Calculate the greatest common divisor of 70 and f.
10
Suppose 24*j - 22*j - 230 = 0. Calculate the highest common factor of j and 5.
5
Suppose -3*r + 124 = 4*c, 5*r + c - 201 = -0*c. Suppose -32*x + 263 = -249. What is the greatest common factor of r and x?
8
Let h be (16/(-48))/(2/(-18)). Let u be ((-3)/9)/(h/(-135)). Calculate the highest common divisor of u and 75.
15
Suppose -13*x + 157 + 51 = 0. Let o = -136 + 144. What is the highest common factor of o and x?
8
Suppose -16*l + 4035 + 4397 = 0. What is the greatest common divisor of l and 62?
31
Let s(m) = m + 53. Let w(t) = -2*t - 54. Let l(u) = 3*s(u) + 2*w(u). Let i be l(13). What is the greatest common factor of i and 95?
19
Suppose h - 3*c = 2*c + 44, -h + 2*c = -56. Calculate the highest common factor of 80 and h.
16
Let g be (-4)/4*(-5 + 1). Suppose 0 = -0*x + 12*x - 432. Calculate the greatest common divisor of g and x.
4
Let p = -38 + 40. Suppose -2*r + p = -0*r. Calculate the greatest common factor of 10 and r.
1
Suppose -173 - 97 = -6*y. Suppose 4*d = -3*k + y, 3*k - 2*k = -4*d + 15. What is the greatest common divisor of k and 60?
15
Suppose d - 6*d = -35. Let m = 22 + -20. Let o(p) = 5*p**3 + 4*p**2 - 3*p - 1. Let b be o(m). Calculate the highest common factor of d and b.
7
Let h = -5 - -2. Let g(a) = -a**2 - 5*a - 1. Let p be g(h). Suppose -r + p*r - 192 = 0. Calculate the greatest common divisor of r and 16.
16
Let j = -176 + 302. What is the highest common factor of j and 36?
18
Let h = -364 - -368. What is the highest common divisor of 18 and h?
2
Suppose -420 = -9*t + 39. Calculate the greatest common factor of t and 34.
17
Let p = -1 + -139. Let g be 3/12 - p/16. Calculate the greatest common factor of g and 3.
3
Suppose -3*i = 3*g + 186, 20 = g + 5*i + 78. Let r(o) = -5*o + 15. Let b be r(-6). Let u be (-2)/(-7) - b/g. Calculate the highest common divisor of u and 11.
1
Let f(i) = i + 21. Let j be f(-20). Suppose -j + 45 = 4*b. What is the highest common divisor of 99 and b?
11
Let z be (-1)/(-2) + 324/8. Let k = 63 - z. Suppose 3*f + 2*q + 2*q = 50, k = f + 4*q. What is the greatest common divisor of 35 and f?
7
Let f(k) = k**2 + 3*k - 7. Let h(o) = -7*o**2 - o. Suppose 0 = 11*w - 16*w - 5. Let a be h(w). Let x be f(a). What is the highest common divisor of x and 77?
11
Let i be 1/(-2)*(-224)/1. Suppose 2*p = 5*x - 70, -5*x + 10*p - 6*p + 70 = 0. What is the highest common factor of x and i?
14
Let r be 7 - (-9 + (-151 - -6)). What is the greatest common factor of r and 28?
7
Let q = -1153 - -1293. What is the highest common divisor of 252 and q?
28
Let p be (-18)/6 + 5 + (2 - 2). Suppose 2*h - 38 = -p*f, -4*h - 8*f + 3*f + 81 = 0. What is the greatest common factor of 98 and h?
14
Suppose -4*n - 23 = -s, -s + n + 8 = -30. Let r be ((-2)/1)/((-2)/129). What is the highest common divisor of s and r?
43
Let s = 203 - 252. Suppose -89 = j - 0*j - 2*x, -4*x - 320 = 4*j. Let m = s - j. What is the greatest common divisor of m and 51?
17
Suppose 68*n = 